**5/30 - g**3/2 - g**2. What is the remainder when 21 is divided by f(-2)?
1
Suppose -f + 2*l = -214, 0 = 3*f + l - 406 - 257. Calculate the remainder when f is divided by 37.
35
Let b(f) = 29*f. Suppose -12 = -2*d + 14. Let c = d - 12. Calculate the remainder when b(c) is divided by 11.
7
Let t = -919 - -1024. Calculate the remainder when 520 is divided by t.
100
Let b(i) = -3*i**3 + i**2 + 5*i + 1. What is the remainder when 90 is divided by b(-2)?
14
Let r be (-86 + -63)*(-1 - (-4)/2). Let h = r + 163. Suppose 0 = -y + 6. What is the remainder when h is divided by y?
2
Let q(v) be the third derivative of v**5/60 - v**4/4 - 5*v**3/3 - 14*v**2. Calculate the remainder when q(-7) is divided by 28.
25
Let s(r) = r + 36. Let h(c) = c**2 + 5*c - 45. Let o be h(-8). Calculate the remainder when 194 is divided by s(o).
14
Let o(f) = -4*f**2 + 11*f - 3. Let h(p) = p**2. Let t(w) = -5*h(w) - o(w). What is the remainder when t(-9) is divided by (-2)/(-9) + 104/18?
3
Suppose 0 = 14*r - 2*r - 72. Let p = 57 - r. What is the remainder when p is divided by 14?
9
Let j(f) = f**2 - 6*f - 5. Let p be j(7). Suppose 160 = p*u - 48. Suppose 0 = o - 5*o + u. What is the remainder when o is divided by 14?
12
Let j = 1741 + -1722. Let n = -9 - -64. Suppose 0 = -s - j + n. What is the remainder when 70 is divided by s?
34
Suppose -d - 3 = 0, 5*d + 20 = 2*v - 5. Let h(n) = 4*n + 4. Let s be h(3). What is the remainder when (-12)/(-1 - 3) - s/(-2) is divided by v?
1
Let a(i) = 3*i - 142. What is the remainder when 127 is divided by a(58)?
31
Suppose -10 = 2*c + 3*c. Let l be 2 + (c + 1)/(-1). Suppose l*u - 16 = 11. Calculate the remainder when 15 is divided by u.
6
Suppose 4*d + 4 = 0, -8 = -4*r + 2*d + 38. What is the remainder when 34 is divided by r?
1
Let q = -2 + 5. Suppose -q*i = -2*j - 36, -24 = -3*i + j - 3*j. What is the remainder when 2/7 + (-1028)/(-28) is divided by i?
7
Let z(l) = l**3 - 26*l**2 + 49*l - 9. Calculate the remainder when 20 is divided by z(24).
5
Let l = -67 - -100. Let b = l + -14. Calculate the remainder when b is divided by 7.
5
Let f = 426 + -405. Calculate the remainder when 125 is divided by f.
20
Let o be ((-12)/(-5))/(15/50). Suppose o = 2*z + 4. Let d = 5 - z. Calculate the remainder when 7 is divided by d.
1
Let q(p) = -p**3 + 5*p**2 + 8*p - 9. Let k = 5 - -1. Let d be q(k). Calculate the remainder when 56 is divided by ((-14)/d + 4)*-30.
16
Suppose 30*a + 666 = 48*a. Calculate the remainder when a is divided by (8/6 + -1)*39.
11
Suppose f = w + 21, 119 = -5*w - 0*f - 2*f. Let x = w - -25. Calculate the remainder when 6 is divided by x.
0
Let k = -1020 + 1615. Calculate the remainder when k is divided by 23.
20
What is the remainder when 81 is divided by (-48)/(-128) + (-58)/(-16)?
1
Suppose -5*f + 5 = 0, 0 = 6*n - n - 3*f - 7. Suppose -n*q + 654 = 126. What is the remainder when q is divided by 53?
52
Suppose -i + 17190 = 44*i. What is the remainder when i is divided by 48?
46
Calculate the remainder when ((-946)/6)/(-11)*3 is divided by 15.
13
Suppose -u = 3, 0*l - 108 = -3*l - 3*u. Suppose -2*s - 291 + 1075 = -2*j, 4*j = -8. Calculate the remainder when l is divided by s/91*14/3.
19
Let b = -1480 + 1535. Let l = 28 + -14. What is the remainder when b is divided by (-5)/(25/l)*-5?
13
Suppose 0 = -5*i + j + 12 + 197, -3*i - 4*j + 107 = 0. Suppose 22 + i = 3*q. Suppose -4*b - b = -410. Calculate the remainder when b is divided by q.
19
Let d = 11 + -6. Suppose -4*j - b + 86 = 0, -b + 32 = 3*j - 32. What is the remainder when j is divided by d?
2
Let w be (-41)/(410/720) - (-5)/(-1). Suppose -b - 4*v - 123 = 0, 5*v + 118 = -b - 0*b. Let u = w - b. Calculate the remainder when u is divided by 17.
15
Let s = 3 + 9. Let m be ((-2)/5 + 8/20)/(-1). Suppose m = -5*k - 24 + 139. Calculate the remainder when k is divided by s.
11
Let b = 302 + -285. What is the remainder when b is divided by 5?
2
Suppose -84 + 348 = 12*q. What is the remainder when q is divided by 7?
1
What is the remainder when 16 is divided by (-6 - -2) + 9 - (-2 + 0)?
2
Let o(s) = 38*s - 42. Let z(u) = -13*u + 14. Let p(x) = 6*o(x) + 17*z(x). Calculate the remainder when p(5) is divided by 14.
7
Suppose 2096 + 258 = 22*w. Calculate the remainder when w is divided by 5.
2
Let g be 386/(-26) - 6/39. Let n = -12 - g. What is the remainder when (-14)/21 + 125/n is divided by 21?
20
Suppose -s = 2*i - 20, 4*i = 4*s + i - 102. Suppose 0 = -7*k - 17 + 101. What is the remainder when s is divided by k?
0
Suppose -2*u - 1366 = 4*n, -u - 6*n + 7*n - 674 = 0. Let s = -13 - 1. Calculate the remainder when u/(-9) - s/(-63) is divided by 26.
23
Suppose 6*g + 51 - 183 = 0. Calculate the remainder when 131 is divided by g.
21
What is the remainder when 200 is divided by (-218)/(-20) - 4/(-40)?
2
Let y = 1353 + -1285. What is the remainder when 201 is divided by y?
65
Suppose -5*y = -3*l - 43, 3*l - 7 = -2*y + 27. Let o(k) = 9*k**2 + 7*k - 41. Calculate the remainder when o(5) is divided by y.
10
Suppose -k = t - 362, 0 = 3*t - 0*k + 4*k - 1091. Suppose 2*f + t = 5*p, 5*p - 2*f - 359 = 2*f. Calculate the remainder when p is divided by 24.
23
Let k(c) = 17*c**3 - 15*c**2 - 4*c + 6. What is the remainder when k(3) is divided by 8?
6
Let m be ((-140)/(-30))/(4/(-6)). Let b be (3 - m/(-3))*69. Let f = 69 - b. What is the remainder when 66 is divided by f?
20
Let y = 110 - 97. What is the remainder when (0 - 22)*7/(-2) is divided by y?
12
What is the remainder when (-3)/(-18)*-1 - (-541)/6 is divided by 37?
16
Let w = -106 + 114. Let t(a) = -a**3 + 5*a**2 + a + 1. Calculate the remainder when w is divided by t(5).
2
Let b = -292 - -474. Calculate the remainder when b is divided by 63.
56
Let w(y) = 4*y**3 - 3*y**2 + 7. Let l be (-76)/(-28) + (-6)/(-21). Let j be w(l). Let p = j - -3. What is the remainder when p is divided by 31?
29
Suppose 0 = 4*q, -2*f - 4*q + 2*q = -154. Let w = -21 - -53. Calculate the remainder when w is divided by ((-1400)/f + 4/22)*-1.
14
Let h(k) = k**3 - 15*k + 15. Calculate the remainder when -1 + (-1)/(1/(-7)) is divided by h(1).
0
Calculate the remainder when 253 is divided by 1 - 31*(1 + -5 + 3).
29
Let g = -692 - -701. Let z be (-2 - 5)/(2/(-10)). Let h = z - 19. Calculate the remainder when h is divided by g.
7
Let t(o) = -24*o + 42. Let x(m) = 1. Let h(w) = -t(w) + 4*x(w). Calculate the remainder when h(5) is divided by 14.
12
Let x(d) = 3*d**2 + 42*d + 44. Calculate the remainder when x(-13) is divided by 5.
0
Suppose 5 = 3*b + 2. Let o(q) = 2*q + 1. Let g be o(1). Calculate the remainder when b*-2*(-9)/g is divided by 4.
2
Suppose 4*l - 48 = -2*m, -4*m = -0*l + 2*l - 12. Let y(h) = 81*h + 1. What is the remainder when y(1) is divided by l?
12
Suppose 3*u = 9 - 0. Suppose -2*t + 210 + 215 = 5*x, u*x + 3*t = 246. What is the remainder when -1 + -2 + (x - 5) is divided by 16?
15
Let l(q) = -q**3 - 7*q**2 + 5*q - 7. Let z(h) = h**3 + 17*h**2 + 13*h - 20. What is the remainder when l(-9) is divided by z(-16)?
26
Suppose 20 = 5*x + 2*n, -4*x + 16 = n - 2*n. Suppose -2*w - 5*f = -54, 0 = 2*f - 0 + x. Suppose -z + 10 = -7. Calculate the remainder when w is divided by z.
15
Suppose 8*w - 6*w - 16 = 0. Let u(o) = -o**3 + 7*o**2 + 11*o - 1. Calculate the remainder when u(w) is divided by 12.
11
Let i = -551 + 1190. What is the remainder when i is divided by 10?
9
Let t = -333 - -338. Calculate the remainder when 11 is divided by t.
1
Let o = 11 - 11. Let h(i) = -i + 41. What is the remainder when h(o) is divided by 14?
13
Calculate the remainder when 249 is divided by -3*(0 + 2) - -13.
4
Suppose 4*o = -1 + 61. Suppose -4*l + o = -3*l + 5*i, 45 = 3*l + 4*i. Calculate the remainder when 42 is divided by l.
12
What is the remainder when (12/16)/((-36)/(-1392)) is divided by 6?
5
Let k be 3/(-2) - 90/(-20). Suppose 8*v = k*v + 530. Calculate the remainder when v is divided by 27.
25
Let i(x) = x**2 + 2*x - 3. Let s be i(0). Let o(k) = k**2 - 7*k - 1. What is the remainder when 140 is divided by o(s)?
24
Let k be 3 + (0 - 7) + 159. Suppose 5*q - 5*b - k = -0*b, -b - 2 = 0. What is the remainder when q is divided by 6?
5
Let j(r) = 45*r**2 - 3*r. Let o be j(-4). Suppose -4*h + o = 4*w, -3*w + 5*h = -7*w + 731. What is the remainder when w is divided by 37?
36
Let l be